a and 4.
4
Suppose 2*o + 304 = 5*q, q = 6*q + 4*o - 292. Let i(l) = 4*l - 4*l**2 + 18*l**2 - 1 - 2*l. Let p be i(1). What is the greatest common factor of p and q?
15
Suppose -121*o + 122*o - v - 45 = 0, -4*o + v + 183 = 0. What is the highest common factor of o and 10?
2
Let y(s) = -s**2 - 5*s + 3. Let z be y(-5). Suppose -m - w + z*w + 106 = 0, 3*w = 6. What is the highest common divisor of m and 22?
22
Let q(l) = 7*l - 28. Let w be q(12). Suppose -14 = 4*r - 10. Let b be 7 + (-3 - -2) - r. Calculate the highest common divisor of w and b.
7
Let z = 166 + -134. What is the greatest common divisor of 44 and z?
4
Suppose 2203 = -i - 3*y - 1622, 0 = -2*i - 2*y - 7666. Let v be 16/(-20) - -1 - i/15. Calculate the greatest common factor of 32 and v.
32
Let m(y) = -21*y**2 + 13*y - 37. Let t(v) = -5*v**2 + 3*v - 9. Let j(k) = 6*m(k) - 26*t(k). Let n be j(5). Calculate the highest common divisor of 16 and n.
16
Let m(x) = 3*x + 28. Let v be m(-11). Let p be (2 - -61) + 8 + v. Calculate the greatest common factor of p and 44.
22
Let z(t) = t**3 + 6*t**2 - 10*t - 6. Let o be z(-7). Let b(h) = h**3 - 115*h**2 + 344*h - 761. Let n be b(112). What is the greatest common divisor of n and o?
15
Let s(g) = g**2 - 5*g + 13. Let q be s(7). What is the highest common divisor of q and 621?
27
Let a be 20/(-1)*1*-4. Let v(m) be the first derivative of m**2 + 36*m + 20. Let g be v(-8). What is the greatest common divisor of a and g?
20
Suppose 12 = -2*q + 44. Let x = q + -12. Let g be (-5 - 0) + 3 + x. What is the greatest common divisor of g and 2?
2
Let n(w) = w**3 - 3*w**2 + 9*w + 44. Let l be n(0). Calculate the highest common factor of l and 12.
4
Suppose 0*r - 4*r + 280 = 0. Suppose -11*h + 3*m - 38 = -13*h, m = 2*h - 14. What is the greatest common divisor of h and r?
10
Let k be (55/44)/((-2)/(-24)). Suppose 4*y = -3*i + 2*i + k, i - y = 30. Calculate the greatest common factor of 9 and i.
9
Suppose -9*l + 14*l = 120. What is the highest common factor of l and 84?
12
Let c be 1*6 + (-4 - (-4 + -5)). Calculate the greatest common divisor of c and 297.
11
Let r(p) = -14*p**3 - 7*p**2 + 2*p - 1. Let h be r(-4). Calculate the greatest common factor of 25 and h.
25
Suppose -2*y + 2*t = -0*t - 42, -y - 5*t = -3. Suppose -11*x = -44, 24*x + 11 = -q + 29*x. Calculate the highest common divisor of q and y.
9
Let w = 43 - 25. Suppose 4*x - 6*x = 3*d + 30, -40 = 3*x + 2*d. Let z be (-3 - 26/(-8)) + (-321)/x. Calculate the greatest common factor of w and z.
9
Let a(p) = p**2 - 8*p + 44. Let g be a(6). Calculate the highest common factor of g and 304.
16
Let t = 106 - 87. Let s = 404 - 233. Calculate the greatest common divisor of t and s.
19
Let z = 10 + -5. Suppose z*r = -g + 185, 5*g = g + 20. Calculate the highest common factor of r and 6.
6
Let x = -91 + -5. Let a = x - -111. Calculate the highest common factor of 20 and a.
5
Suppose -4*v + 16 = -52. Suppose -2*h - 544 = -6*h. Calculate the greatest common factor of h and v.
17
Let o = -53 - -53. Suppose -16 = -h + j - o*j, 0 = 3*h - j - 40. What is the greatest common factor of 9 and h?
3
Suppose 2*s + 1 = 9. Suppose -s = -0*o - o. Let x(z) = -z**2 + 6*z - 1. Let l be x(o). Calculate the highest common factor of 21 and l.
7
Let q = -655 - -684. Calculate the highest common divisor of q and 4.
1
Let s be (-4 + 10)*2/4. Suppose 0 = -s*p + 25 + 20. Suppose -p = -2*q + q. What is the highest common factor of q and 6?
3
Let x(q) = q**3 - 5*q**2 - 4*q - 9. Let h be x(6). Let r be 71 + -6 - (h - 2). What is the highest common divisor of r and 160?
32
Let q = 2 - 0. Let w(o) = 17*o**3 - 2*o + 3. Let v be w(q). Suppose -59*u + 15*u = -660. Calculate the highest common divisor of u and v.
15
Let l(w) = -4*w + 6. Let r be l(0). Let i(k) = 2*k - 4. Let s be i(5). What is the highest common divisor of s and r?
6
Let u = 0 - -4. Suppose -2*h - 4*n + 142 = 0, -6 = -7*n + u*n. Suppose 0 = -4*m + h + 93. Calculate the highest common factor of 8 and m.
8
Suppose 6*d = 2*d + 180. Let u(i) = 6 - 6*i + 7*i - 4 + 6. Let b be u(7). Calculate the highest common factor of b and d.
15
Let o = 9 - 5. Let w(b) = 2*b**2 - 84*b - 172. Let u be w(-2). Calculate the greatest common divisor of u and o.
4
Suppose 2*u = -2*x - x + 5913, 4*u + 7884 = 4*x. Calculate the highest common factor of 73 and x.
73
Let a(n) = n**3 + 15*n**2 + 15*n + 18. Let u be a(-14). Suppose -5*v + 3*m = u*m - 62, 3*m - 4 = -v. What is the highest common divisor of 117 and v?
13
Let z be (-1)/(22/(-41437)) - (-6)/4. Calculate the greatest common divisor of z and 65.
65
Let a be -1*((-2 - -2) + 34). Let u = a + 85. Suppose -2*w - w + u = -3*m, 5*w + 5*m - 55 = 0. What is the highest common divisor of 14 and w?
14
Suppose -3 + 12 = 3*g. Suppose -g*v + 70 = 13. Let m = -16 + v. What is the greatest common factor of 21 and m?
3
Let u(f) = -f**3 - 30*f**2 - 28*f + 47. Let m be u(-29). Calculate the highest common divisor of m and 288.
18
Let z = -41 - -50. Suppose -11*m = -z*m - 2. Calculate the greatest common factor of m and 9.
1
Let g(s) = 5*s**2 - 8. Let a be g(-4). Suppose 5*b + 22 = -f + 100, 5*f - 419 = 4*b. Suppose f = 4*n + 11. Calculate the greatest common factor of a and n.
18
Suppose 22*v = 106 + 664. Calculate the highest common divisor of v and 7.
7
Let l(w) = w**3 + 2*w**2 - 6*w + 4. Let v be l(-3). Suppose -2*s + v = -3. What is the greatest common divisor of 72 and s?
8
Suppose 3*i - 4*t + 116 = 304, -i + 70 = -5*t. Calculate the highest common divisor of 120 and i.
60
Let l be 1 - 19*(-10 + -3). Let n(y) = y**3 + y**2 - y - 2. Suppose 4*c = c + 9. Let q be n(c). Calculate the greatest common divisor of l and q.
31
Let w = -909 + 924. Suppose 3*s - 7*s + 420 = 0. What is the greatest common factor of s and w?
15
Let k be 201/1 + (-5 - -1)/1. Let z = k + -153. What is the highest common factor of 22 and z?
22
Let l = -11 + -1. Let j be 4/(l/(-11) + -1). Suppose -61 = -11*s - 17. Calculate the highest common factor of s and j.
4
Suppose 0 = -4*u + 5*s + 949, 31*s - 36*s = 3*u - 738. Calculate the greatest common divisor of 2 and u.
1
Suppose 4*o = -0*s + 3*s + 171, -3*o + 3*s + 126 = 0. Calculate the greatest common factor of o and 240.
15
Suppose 15 + 30 = 3*x + 3*j, 0 = 4*x - 2*j - 42. Let r be (-38)/(-551) + (-694)/(-29). Calculate the highest common factor of r and x.
12
Let g(u) = -62*u**3 + 2*u**2 + 2*u + 1. Let j be g(-1). What is the greatest common factor of 9 and j?
9
Let m = -279 - -378. Calculate the greatest common divisor of 121 and m.
11
Let v(k) = 110*k + 544. Let z be v(-4). Calculate the greatest common factor of 156 and z.
52
Suppose k - 3*n - 123 = 0, 5*n - 141 + 382 = 2*k. Calculate the highest common factor of 288 and k.
36
Suppose 3*w - 90 = 21. Suppose -2*x - 3 = w. Let r = -18 - x. What is the highest common divisor of 5 and r?
1
Let w(d) = -2*d + 1. Let z be w(1). Let j be (2 - 13)*(-3 - z). Let v = 29 - 18. Calculate the greatest common divisor of v and j.
11
Let g be (-2)/3 - 779/(-57). Let p(s) = 21*s + 2. Let x be p(3). Calculate the highest common divisor of x and g.
13
Let q(t) = t**3 - 7*t**2 + 4. Let i be q(7). Suppose 26 = -d - 12. Let a = d + 42. What is the highest common factor of a and i?
4
Let k(x) = 2*x**2 + 7*x + 18. Let w be k(-3). Suppose -3*a = -4*f + 15, 2*f + 2*a - w = a. Calculate the highest common divisor of 12 and f.
6
Let l(a) = -a**2 + 7*a + 2. Let b be l(8). Let t = b + 13. Let q = t - -14. What is the highest common divisor of 63 and q?
21
Let l be ((-1336)/32 - 1)/(2/(-8)). Calculate the greatest common divisor of 114 and l.
57
Suppose 120 = -n - 4*n. Let s = -17 - n. What is the highest common divisor of 28 and s?
7
Let s = 60 - 16. Let o be -33*(6 - (-104)/(-12)). Suppose 10*r + 12*r = o. Calculate the greatest common factor of s and r.
4
Let u(x) = -3*x - 3. Let l be u(-7). Suppose -29*z + 2961 = 18*z. What is the greatest common factor of z and l?
9
Let x be (-15)/21 + 2/(-7). Let p be ((-44)/(-8))/(x/(-14)). Let n = 101 + -90. What is the greatest common divisor of p and n?
11
Suppose -133 = 50*l - 51*l + 2*r, 138 = l + 3*r. What is the greatest common factor of 837 and l?
27
Let s be (12 + 0 - -3) + 3. Suppose 3*w = -3*w - s. Let t be w/(-2 - 7)*51. What is the greatest common divisor of 68 and